
1000011001
In base 4, what is -103 + 11123?
11020
In base 3, what is -110112 + -222?
-111111
In base 14, what is 3 + -121?
-11c
In base 8, what is 76 + -5?
71
In base 12, what is -b63 - 2?
-b65
In base 13, what is -5 - 8ab?
-8b3
In base 3, what is 2 - -111?
120
In base 4, what is 3 + -310?
-301
In base 2, what is -100110101 - -10?
-100110011
In base 3, what is 10122022 + -2?
10122020
In base 11, what is -14 + 20?
7
In base 13, what is -c7 - -2?
-c5
In base 16, what is 1 - -622?
623
In base 9, what is 1884 + 2?
1886
In base 2, what is 1000 - -100100100?
100101100
In base 8, what is -1 + -434?
-435
In base 2, what is 101 - 1111111?
-1111010
In base 8, what is -3 - -113?
110
In base 3, what is 2 + 22110?
22112
In base 14, what is 10d - 1d?
d0
In base 11, what is -1 - 27?
-28
In base 11, what is 164 + 0?
164
In base 7, what is 3 + 15?
21
In base 4, what is 11 - -1310?
1321
In base 2, what is -101111100 - -1?
-101111011
In base 7, what is 5 - 630?
-622
In base 7, what is 523 - 122?
401
In base 11, what is -5 + 21?
17
In base 12, what is -4 + 1a?
16
In base 11, what is -3 - 21?
-24
In base 10, what is -6832 + -1?
-6833
In base 13, what is 90 + -5?
88
In base 9, what is 51 - -6?
57
In base 6, what is -15 + 42?
23
In base 4, what is 12030 - 2?
12022
In base 12, what is 3863 + 2?
3865
In base 10, what is 2 + 1867?
1869
In base 12, what is 294 + -47?
249
In base 4, what is 1 - 21122?
-21121
In base 14, what is c - 1?
b
In base 9, what is 5 - -42?
47
In base 6, what is -50 - 252?
-342
In base 3, what is -2 + 1110?
1101
In base 14, what is 10c - 2?
10a
In base 9, what is -5 - -131?
125
In base 4, what is -1 + -1231?
-1232
In base 8, what is -5 + -23?
-30
In base 7, what is 331 - 2?
326
In base 5, what is -120 + 0?
-120
In base 13, what is -3 + -105?
-108
In base 9, what is -331 - 3?
-334
In base 3, what is 10 + -21?
-11
In base 2, what is 1000100111 + 1?
1000101000
In base 11, what is 24a + -3?
247
In base 16, what is -16 + -1b?
-31
In base 2, what is -110100110000 + 100?
-110100101100
In base 4, what is 22233 - 1?
22232
In base 3, what is 2 + -1?
1
In base 13, what is -8 + -ac6?
-b01
In base 10, what is -216 + -9?
-225
In base 7, what is -1 + 45?
44
In base 15, what is -2 + 3c?
3a
In base 14, what is -308 + 0?
-308
In base 11, what is -4 - 3?
-7
In base 8, what is 5 + 164?
171
In base 9, what is 4 - -178?
183
In base 16, what is d8 - -d?
e5
In base 7, what is -5 - 234?
-242
In base 7, what is 5 + -420?
-412
In base 7, what is 14 - 0?
14
In base 11, what is 3 + 169?
171
In base 11, what is -3 + 65?
62
In base 9, what is 220 - 4?
215
In base 5, what is 4423 - -13?
4441
In base 12, what is -b6 - 2?
-b8
In base 13, what is -82 + -64?
-116
In base 14, what is -18 - 88?
-a2
In base 4, what is 11 - 323?
-312
In base 14, what is -d6 + -66?
-15c
In base 9, what is -7 - 672?
-680
In base 8, what is -422 + -1?
-423
In base 12, what is 38a + 5?
393
In base 9, what is 23576 + 3?
23580
In base 12, what is 1 + -1a4?
-1a3
In base 4, what is 100 + 103120?
103220
In base 15, what is -48 - -4?
-44
In base 2, what is 10111011 + 1010?
11000101
In base 6, what is -345 + 4?
-341
In base 16, what is 103 - -10?
113
In base 15, what is -6 - -2?
-4
In base 15, what is -8c70 - 1?
-8c71
In base 10, what is -1 + -640?
-641
In base 12, what is 0 + -8bb?
-8bb
In base 2, what is -10 + 1001010101?
1001010011
In base 10, what is -3 + 83?
80
In base 9, what is -3360 + 5?
-3354
In base 16, what is -11 + -5?
-16
In base 14, what is -5 + -251?
-256
In base 9, what is 52 + 0?
52
In base 14, what is -4 - -14?
10
In base 3, what is -1022 - -1?
-1021
In base 4, what is -13 - -120333?
120320
In base 12, what is 186 - 4?
182
In base 13, what is -1 + 3b?
3a
In base 4, what is 3 + -311223?
-311220
In base 3, what is 201 - 222?
-21
In base 15, what is ce1 + 0?
ce1
In base 9, what is -67 - -1?
-66
In base 4, what is -201120 + 10?
-201110
In base 10, what is -2 + 103?
101
In base 4, what is -210100 + 11?
-210023
In base 10, what is 0 + 30?
30
In base 8, what is -350 + 0?
-350
In base 8, what is -67 + -2?
-71
In base 9, what is 114 + -30?
74
In base 12, what is -b - 3?
-12
In base 15, what is 2 - -62?
64
In base 15, what is 16 - -30?
46
In base 9, what is -11 + -488?
-510
In base 8, what is -360 + -5?
-365
In base 4, what is -13012 + 230?
-12122
In base 13, what is -2 - -60?
5b
In base 14, what is a87 - -3?
a8a
In base 10, what is 0 - 1122?
-1122
In base 2, what is -1 - -1110110?
1110101
In base 2, what is 1 + 110100100000?
110100100001
In base 2, what is -1111001 + 0?
-1111001
In base 12, what is 3 + -12?
-b
In base 3, what is 2001101 + -1?
2001100
In base 16, what is -dad2 + -2?
-dad4
In base 15, what is -5d5 + 5?
-5d0
In base 6, what is 3 - 2255?
-2252
In base 11, what is 6 + 55?
60
In base 5, what is 3 + -2121?
-2113
In base 12, what is 49 - 6?
43
In base 15, what is -3d - -4?
-39
In base 5, what is 310 + -11?
244
In base 16, what is -2 + 46?
44
In base 7, what is -21650 + -5?
-21655
In base 3, what is 2111 + -111?
2000
In base 13, what is -c6 + 10?
-b6
In base 13, what is 47 - -157?
1a1
In base 16, what is -3 + 80e?
80b
In base 8, what is 132 + 4?
136
In base 16, what is 2bf - 2?
2bd
In base 7, what is 411 + -11?
400
In base 11, what is -1210 + 5?
-1206
In base 14, what is cc - 8?
c4
In base 6, what is 50 - -30?
120
In base 7, what is -1223 + 5?
-1215
In base 5, what is 13 - -12?
30
In base 14, what is -4 - 57?
-5b
In base 16, what is -9b6 + 2?
-9b4
In base 11, what is 4 + 356?
35a
In base 12, what is b - -a17?
a26
In base 5, what is -1134 - 3?
-1142
In base 8, what is -13 + -27?
-42
In base 2, what is -1 + 10111101100?
10111101011
In base 12, what is 41 - 2?
3b
In base 8, what is -63 - -2?
-61
In base 5, what is -1013 + 10?
-1003
In base 11, what is -6 - 1?
-7
In base 16, what is -58 - d?
-65
In base 14, what is -5 + 33?
2c
In base 10, what is -7 + -27?
-34
In base 8, what is 226 + 0?
226
In base 10, what is 3725 - -4?
3729
In base 13, what is 0 - 1110?
-1110
In base 15, what is -207 - -10?
-1e7
In base 5, what is -21 + -4323?
-4344
In base 10, what is 943 + 4?
947
In base 13, what is -402 - -16?
-3b9
In base 11, what is 105 - 3?
102
In base 5, what is -3 + -110204?
-110212
In base 3, what is -12 - 212?
-1001
In base 7, what is -255 + 3?
-252
In base 15, what is 1c14 - -1?
1c15
In base 2, what is 1011 + 10100111010?
10101000101
In base 6, what is -3 + 134?
131
In base 13, what is -10 - 5?
-15
In base 3, what is 10 - -120?
200
In base 9, what is 150 + -3?
146
In base 2, what is 110111 + -100011010?
-11100011
In base 7, what is -24 + -13?
-40
In base 10, what is 458 - -6?
464
In base 2, what is -111101110 - 11?
-111110001
In base 16, what is b - -3b?
46
In base 8, what is 1 + 3722?
3723
In base 14, what is c - -6?
14
In base 13, what is 6b7 - -1?
6b8
In base 4, what is -113 - -3201?
3022
In base 12, what is -1 - -28?
27
In base 3, what is 11022 - 1012?
10010
In base 2, what is -10 - 101000111?
-101001001
In base 2, what is -110 - -11101011?
11100101
In base 14, what is ca - 2?
c8
In base 4, what is -11 - -1220?
1203
In base 8, what is 2015 - 2?
2013
In base 5, what is -120 + 14?
-101
In base 15, what is -4 - 13e?
-143
In base 9, what is -7 + 715?
707
In base 10, what is -44 + 8?
-36
In base 3, what is -11 - -1100121?
1100110
In base 11, what is -14 + 34?
20
In base 16, what is 7f4 - 0?
7f4
In base 6, what is -5 - 2214?
-2223
In base 11, what is -3 - 38?
-40
In base 14, what is 0 - -25?
25
In base 4, what is -33 - -10020?
3321
In base 6, what is -203 + -3?
-210
In base 2, what is 11 - -11110100111?
11110101010
In base 15, what is 2 + -482?
-480
In base 6, what is 403 - -2?
405
In base 8, what is 345 + -51?
274
In base 14, what is -269 - 4?
-26d
In base 6, what is -2130 + -4?
-2134
In base 6, what is 10150 - 4?
10142
In base 3, what is -101 + -1122?
-2000
In base 10, what is 3 - -133?
136
In base 13, what is 26 + 6?
2c
In base 6, what is 25 + 3440?
3505
In base 10, what is -5 + 384?
379
In base 13, what is -4c + 3?
-49
In base 10, what is 97 + 27?
124
In base 7, what is -1 - -36?
35
In base 16, what is -39 + 4e?
15
In base 9, what is 2 + -166?
-164
In base 13, what is -4 + 291?
28a
In base 16, what is 5 + 1fd?
202
In base 16, what is 0 + 7e?
7e
In base 16, what is 6 + 105?
10b
In base 16, what is